{"id":677,"date":"2025-06-10T19:42:34","date_gmt":"2025-06-10T19:42:34","guid":{"rendered":"https:\/\/soyantumapu.cl\/?page_id=677"},"modified":"2025-06-11T01:12:53","modified_gmt":"2025-06-11T01:12:53","slug":"guia-ante-emergencias","status":"publish","type":"page","link":"https:\/\/soyantumapu.cl\/?page_id=677","title":{"rendered":"Gu\u00eda ante emergencias"},"content":{"rendered":"<p>[et_pb_section fb_built=\u00bb1&#8243; _builder_version=\u00bb4.16&#8243; global_colors_info=\u00bb{}\u00bb theme_builder_area=\u00bbpost_content\u00bb][et_pb_row column_structure=\u00bb1_2,1_2&#8243; _builder_version=\u00bb4.16&#8243; background_size=\u00bbinitial\u00bb background_position=\u00bbtop_left\u00bb background_repeat=\u00bbrepeat\u00bb global_colors_info=\u00bb{}\u00bb theme_builder_area=\u00bbpost_content\u00bb][et_pb_column type=\u00bb1_2&#8243; _builder_version=\u00bb4.27.2&#8243; _module_preset=\u00bbdefault\u00bb global_colors_info=\u00bb{}\u00bb theme_builder_area=\u00bbpost_content\u00bb][et_pb_heading title=\u00bbGu\u00eda ante emergencias\u00bb _builder_version=\u00bb4.27.2&#8243; _module_preset=\u00bbdefault\u00bb title_font=\u00bb|700|||||||\u00bb title_text_color=\u00bb#E02B20&#8243; global_colors_info=\u00bb{}\u00bb theme_builder_area=\u00bbpost_content\u00bb][\/et_pb_heading][et_pb_text _builder_version=\u00bb4.27.2&#8243; _module_preset=\u00bbdefault\u00bb text_text_color=\u00bb#000000&#8243; text_font_size=\u00bb20px\u00bb global_colors_info=\u00bb{}\u00bb theme_builder_area=\u00bbpost_content\u00bb]<\/p>\n<p>No siempre es intuitivo actuar de la mejor manera posible ante emergencias que no est\u00e1n bajo nuestro control, pero afortunadamente hay mucho que podemos hacer para evitar que las situaciones empeoren m\u00e1s de lo necesario.<\/p>\n<p>[\/et_pb_text][et_pb_text _builder_version=\u00bb4.27.2&#8243; _module_preset=\u00bbdefault\u00bb text_text_color=\u00bb#000000&#8243; text_font_size=\u00bb20px\u00bb global_colors_info=\u00bb{}\u00bb theme_builder_area=\u00bbpost_content\u00bb]<\/p>\n<p>A continuaci\u00f3n encontrar\u00e1s una gu\u00eda con consejos sobre c\u00f3mo abordar este tema y tener un plan de acci\u00f3n para reaccionar r\u00e1pidamente ante una emergencia.<\/p>\n<p>[\/et_pb_text][\/et_pb_column][et_pb_column type=\u00bb1_2&#8243; _builder_version=\u00bb4.27.2&#8243; _module_preset=\u00bbdefault\u00bb global_colors_info=\u00bb{}\u00bb theme_builder_area=\u00bbpost_content\u00bb][et_pb_image src=\u00bbhttps:\/\/soyantumapu.cl\/wp-content\/uploads\/2025\/06\/ChatGPT-Image-9-jun-2025-06_03_50-p.m.png\u00bb title_text=\u00bbChatGPT Image 9 jun 2025, 06_03_50 p.m.\u00bb _builder_version=\u00bb4.27.2&#8243; _module_preset=\u00bbdefault\u00bb border_radii=\u00bbon|5px|5px|5px|5px\u00bb border_width_all=\u00bb1px\u00bb border_color_all=\u00bbrgba(0,0,0,0.25)\u00bb global_colors_info=\u00bb{}\u00bb theme_builder_area=\u00bbpost_content\u00bb][\/et_pb_image][\/et_pb_column][\/et_pb_row][et_pb_row _builder_version=\u00bb4.27.2&#8243; _module_preset=\u00bbdefault\u00bb global_colors_info=\u00bb{}\u00bb theme_builder_area=\u00bbpost_content\u00bb][et_pb_column type=\u00bb4_4&#8243; _builder_version=\u00bb4.27.2&#8243; _module_preset=\u00bbdefault\u00bb global_colors_info=\u00bb{}\u00bb theme_builder_area=\u00bbpost_content\u00bb][et_pb_heading title=\u00bbIntroducci\u00f3n\u00bb _builder_version=\u00bb4.27.2&#8243; _module_preset=\u00bbdefault\u00bb global_colors_info=\u00bb{}\u00bb theme_builder_area=\u00bbpost_content\u00bb][\/et_pb_heading][et_pb_text _builder_version=\u00bb4.27.2&#8243; _module_preset=\u00bbdefault\u00bb text_text_color=\u00bb#000000&#8243; text_font_size=\u00bb20px\u00bb global_colors_info=\u00bb{}\u00bb theme_builder_area=\u00bbpost_content\u00bb]<\/p>\n<p>Ante una emergencia, como un incendio, sismo, inundaci\u00f3n u otro evento inesperado, contar con informaci\u00f3n clara y saber c\u00f3mo actuar puede marcar una gran diferencia para proteger la vida y la seguridad de nuestras familias. Esta gu\u00eda tiene como objetivo entregar recomendaciones simples y pr\u00e1cticas para estar mejor preparados frente a situaciones de riesgo, adem\u00e1s de indicarte d\u00f3nde obtener m\u00e1s informaci\u00f3n relevante seg\u00fan sea tu caso. Sabemos que cada familia y comunidad es diferente, por eso es importante que adapten esta informaci\u00f3n a su realidad y mantengan siempre la comunicaci\u00f3n y el apoyo mutuo entre vecinos y vecinas. Dado que estos son nuestro n\u00facleos sociales m\u00e1s inmediatos, vamos a abordar el tema desde lo familiar con el <strong>Kit de emergencias<\/strong> y el <strong>Plan Familia Preparada<\/strong> y desde lo comunitario con el <strong>Plan de Emergencia<\/strong>. Finalmente revisaremos <strong>recomendaciones espec\u00edficas<\/strong> para distintos tipos de emergencias.<\/p>\n<p>[\/et_pb_text][\/et_pb_column][\/et_pb_row][et_pb_row _builder_version=\u00bb4.27.2&#8243; _module_preset=\u00bbdefault\u00bb global_colors_info=\u00bb{}\u00bb theme_builder_area=\u00bbpost_content\u00bb][et_pb_column type=\u00bb4_4&#8243; _builder_version=\u00bb4.27.2&#8243; _module_preset=\u00bbdefault\u00bb global_colors_info=\u00bb{}\u00bb theme_builder_area=\u00bbpost_content\u00bb][et_pb_heading title=\u00bbKit de emergencias\u00bb _builder_version=\u00bb4.27.2&#8243; _module_preset=\u00bbdefault\u00bb title_font=\u00bb|700|||||||\u00bb title_text_color=\u00bb#E02B20&#8243; global_colors_info=\u00bb{}\u00bb theme_builder_area=\u00bbpost_content\u00bb][\/et_pb_heading][et_pb_text _builder_version=\u00bb4.27.2&#8243; _module_preset=\u00bbdefault\u00bb text_text_color=\u00bb#000000&#8243; text_font_size=\u00bb20px\u00bb global_colors_info=\u00bb{}\u00bb theme_builder_area=\u00bbpost_content\u00bb]<\/p>\n<p>Como mencionamos, es posible que en emergencias mayores no est\u00e9n disponibles los servicios b\u00e1sicos, por lo que es importante contar con provisiones b\u00e1sicas para ser autosuficientes mientras la situaci\u00f3n se normaliza. Este conjunto de provisiones es lo que llamamos un <strong>Kit de emergencias<\/strong>.<\/p>\n<p>Si bien te damos una lista de sugerencias base, algo importante a considerar es que el kit <strong>debe ser elaborado en base a las caracter\u00edsticas y necesidades de cada grupo familiar<\/strong>. Por ejemplo, algunas familias que tengan beb\u00e9s deber\u00e1n considerar pa\u00f1ales; otras que tengan personas con enfermedades cr\u00f3nicas deber\u00e1n considerar los medicamentos necesarios; si hay personas que menstr\u00faan se deber\u00e1n considerar implementos higi\u00e9nicos para ello; etc.<\/p>\n<p><strong>Contenido del kit:<\/strong><\/p>\n<ul>\n<li>Agua, considerando 2 litros diarios por persona (incluye botellas chicas f\u00e1ciles de trasladar).<\/li>\n<li>Comida: que se mantenga bien en el per\u00edodo de 3 d\u00edas y se pueda consumir sin necesidad de cocinar. Por ejemplo, barras energ\u00e9ticas, alimentos deshidratados o en conserva (latas, tetrapack).<\/li>\n<li>Linterna: con bater\u00eda o con d\u00ednamo.<\/li>\n<li>Botiqu\u00edn de primeros auxilios.<\/li>\n<li>Medicamentos.<\/li>\n<li>Abrelatas y\/o cuchillo utilitario.<\/li>\n<li>Gel de manos.<\/li>\n<li>Art\u00edculos de aseo para hombres y mujeres.<\/li>\n<li>Bolsas de basura.<\/li>\n<li>Mascarillas desechables.<\/li>\n<li>Papel higi\u00e9nico.<\/li>\n<li>Toalla de papel absorbente.<\/li>\n<li>Bolsa herm\u00e9tica con copia de documentos (c\u00e9dula de identidad, pasaporte, certificado o partida de nacimiento o DNI, libreta de familia, escritura de propiedad o contrato de arriendo, entre otros).<\/li>\n<li>Copias de llaves: de la casa, del auto, etc.<\/li>\n<li>Copia del Plan de Emergencia.<\/li>\n<li>Otros elementos especiales, acordes a las caracter\u00edsticas de la familia (por ejemplo, pa\u00f1ales en caso de beb\u00e9s, toallas higi\u00e9nicas, ayudas t\u00e9cnicas, entre otros).<\/li>\n<li>Dinero en efectivo.<\/li>\n<\/ul>\n<p>[\/et_pb_text][\/et_pb_column][\/et_pb_row][et_pb_row _builder_version=\u00bb4.27.2&#8243; _module_preset=\u00bbdefault\u00bb global_colors_info=\u00bb{}\u00bb theme_builder_area=\u00bbpost_content\u00bb][et_pb_column type=\u00bb4_4&#8243; _builder_version=\u00bb4.27.2&#8243; _module_preset=\u00bbdefault\u00bb global_colors_info=\u00bb{}\u00bb theme_builder_area=\u00bbpost_content\u00bb][et_pb_heading title=\u00bbPreparando a mi familia\u00bb _builder_version=\u00bb4.27.2&#8243; _module_preset=\u00bbdefault\u00bb global_colors_info=\u00bb{}\u00bb theme_builder_area=\u00bbpost_content\u00bb][\/et_pb_heading][et_pb_video src=\u00bbhttps:\/\/youtu.be\/LoVYiNSasSw\u00bb _builder_version=\u00bb4.27.2&#8243; _module_preset=\u00bbdefault\u00bb global_colors_info=\u00bb{}\u00bb theme_builder_area=\u00bbpost_content\u00bb][\/et_pb_video][et_pb_text _builder_version=\u00bb4.27.2&#8243; _module_preset=\u00bbdefault\u00bb text_text_color=\u00bb#000000&#8243; text_font_size=\u00bb20px\u00bb global_colors_info=\u00bb{}\u00bb theme_builder_area=\u00bbpost_content\u00bb]<\/p>\n<p><strong>Una familia preparada es una familia en menor riesgo de desastres.<\/strong><\/p>\n<p>Para fomentar el autocuidado y la cultura preventiva en las familias de Chile, SENAPRED mantiene siempre actualizado el \u201cPlan Familia Preparada\u201d, que es una gu\u00eda pr\u00e1ctica para identificar riesgos en el hogar y el entorno, con el fin de elaborar un plan familiar con el que actuar ante una situaci\u00f3n de emergencia. El plan contempla 8 pasos:<\/p>\n<ol>\n<li>Informaci\u00f3n del grupo familiar<\/li>\n<li>Identificar amenazas dentro y fuera de la vivienda<\/li>\n<li>Definir zonas de seguridad<\/li>\n<li>Elaborar un mapa de la vivienda<\/li>\n<li>Definir roles en la emergencia<\/li>\n<li>Elaborar un directorio de contactos<\/li>\n<li>Armar un kit de emergencia<\/li>\n<li>Practicar el plan de emergencia<\/li>\n<\/ol>\n<p>Revisa aqu\u00ed la gu\u00eda completa:\u00a0<!-- notionvc: 6b27b580-b14b-436f-9ab7-2927a4e91d8b --><\/p>\n<p><!-- notionvc: ee87ea7c-f35f-42b4-b037-6f55977d639b --><\/p>\n<p>[\/et_pb_text][\/et_pb_column][\/et_pb_row][et_pb_row _builder_version=\u00bb4.27.2&#8243; _module_preset=\u00bbdefault\u00bb global_colors_info=\u00bb{}\u00bb theme_builder_area=\u00bbpost_content\u00bb][et_pb_column type=\u00bb4_4&#8243; _builder_version=\u00bb4.27.2&#8243; _module_preset=\u00bbdefault\u00bb global_colors_info=\u00bb{}\u00bb theme_builder_area=\u00bbpost_content\u00bb][et_pb_heading title=\u00bbPreparando a mi comunidad\u00bb _builder_version=\u00bb4.27.2&#8243; _module_preset=\u00bbdefault\u00bb global_colors_info=\u00bb{}\u00bb theme_builder_area=\u00bbpost_content\u00bb][\/et_pb_heading][et_pb_text _builder_version=\u00bb4.27.2&#8243; _module_preset=\u00bbdefault\u00bb text_font_size=\u00bb20px\u00bb global_colors_info=\u00bb{}\u00bb theme_builder_area=\u00bbpost_content\u00bb]<\/p>\n<p>Toda comunidad de edificios o condominio debe establecer un <strong>Plan de emergencia<\/strong>, creado por el comit\u00e9 de administraci\u00f3n y empleado por el administrador. Este plan nos dicta qu\u00e9 hacer antes, durante y despu\u00e9s de una emergencia. Este documento es exigido por las autoridades y especificado en la Ley de Copropiedad Inmobiliaria.<\/p>\n<p>Muchas veces esta funci\u00f3n, tan importante y necesaria para el bienestar de la comunidad, no se lleva a cabo de manera correcta, ya sea por tiempo o poco conocimiento sobre c\u00f3mo hacerlo. Sin embargo, es fundamental que cada condominio cuente con su plan de emergencia ante cualquier eventualidad para estar preparado en caso de que ocurra y evitar alguna tragedia mayor como la muerte de alg\u00fan miembro.<\/p>\n<p>El Ministerio de Vivienda y Urbanismo nos entrega una gu\u00eda para elaborar un buen Plan de Emergencia, en el que se cubren t\u00f3picos como qu\u00e9 hacer en caso de incendio y de sismos. La implementaci\u00f3n del Plan de emergencia contempla 5 pasos:<\/p>\n<ol>\n<li>Analiza las amenazas y riesgos<\/li>\n<li>Eval\u00faa los recursos disponibles<\/li>\n<li>Define acciones y grupos de apoyo<\/li>\n<li>Lleva el plan al papel<\/li>\n<li>Difunde y eval\u00faa<\/li>\n<\/ol>\n<p>&nbsp;<\/p>\n<p>Revisa aqu\u00ed la gu\u00eda completa: <a href=\"https:\/\/www.minvu.gob.cl\/wp-content\/uploads\/2020\/09\/Guia-para-elaborar-un-buen-Plan-de-Emergencia-Minvu.pdf\">Gu\u00eda para elaborar un buen Plan de emergencia<\/a><\/p>\n<p>&nbsp;<\/p>\n<p>[\/et_pb_text][\/et_pb_column][\/et_pb_row][et_pb_row _builder_version=\u00bb4.27.2&#8243; _module_preset=\u00bbdefault\u00bb global_colors_info=\u00bb{}\u00bb theme_builder_area=\u00bbpost_content\u00bb][et_pb_column type=\u00bb4_4&#8243; _builder_version=\u00bb4.27.2&#8243; _module_preset=\u00bbdefault\u00bb global_colors_info=\u00bb{}\u00bb theme_builder_area=\u00bbpost_content\u00bb][et_pb_heading title=\u00bbRecomendaciones espec\u00edficas\u00bb _builder_version=\u00bb4.27.2&#8243; _module_preset=\u00bbdefault\u00bb global_colors_info=\u00bb{}\u00bb theme_builder_area=\u00bbpost_content\u00bb][\/et_pb_heading][et_pb_heading title=\u00bbIncendios\u00bb _builder_version=\u00bb4.27.2&#8243; _module_preset=\u00bbdefault\u00bb title_font=\u00bb|700|||||||\u00bb title_text_color=\u00bb#E02B20&#8243; global_colors_info=\u00bb{}\u00bb theme_builder_area=\u00bbpost_content\u00bb][\/et_pb_heading][et_pb_video src=\u00bbhttps:\/\/youtu.be\/NtnuWvoSFGI\u00bb _builder_version=\u00bb4.27.2&#8243; _module_preset=\u00bbdefault\u00bb global_colors_info=\u00bb{}\u00bb theme_builder_area=\u00bbpost_content\u00bb][\/et_pb_video][et_pb_heading title=\u00bbSismos\u00bb _builder_version=\u00bb4.27.2&#8243; _module_preset=\u00bbdefault\u00bb title_font=\u00bb|700|||||||\u00bb title_text_color=\u00bb#E02B20&#8243; global_colors_info=\u00bb{}\u00bb theme_builder_area=\u00bbpost_content\u00bb][\/et_pb_heading][et_pb_video src=\u00bbhttps:\/\/youtu.be\/-94OW8Aca84?si=o8C3gIu-xr8nkSNo\u00bb _builder_version=\u00bb4.27.2&#8243; _module_preset=\u00bbdefault\u00bb global_colors_info=\u00bb{}\u00bb theme_builder_area=\u00bbpost_content\u00bb][\/et_pb_video][et_pb_heading title=\u00bbAluviones\u00bb _builder_version=\u00bb4.27.2&#8243; _module_preset=\u00bbdefault\u00bb title_font=\u00bb|700|||||||\u00bb title_text_color=\u00bb#E02B20&#8243; global_colors_info=\u00bb{}\u00bb theme_builder_area=\u00bbpost_content\u00bb][\/et_pb_heading][et_pb_video src=\u00bbhttps:\/\/www.youtube.com\/watch?v=ujf1ZHmO2N0&#8243; _builder_version=\u00bb4.27.2&#8243; _module_preset=\u00bbdefault\u00bb global_colors_info=\u00bb{}\u00bb theme_builder_area=\u00bbpost_content\u00bb][\/et_pb_video][et_pb_heading title=\u00bbInundaciones\u00bb _builder_version=\u00bb4.27.2&#8243; _module_preset=\u00bbdefault\u00bb title_font=\u00bb|700|||||||\u00bb title_text_color=\u00bb#E02B20&#8243; global_colors_info=\u00bb{}\u00bb theme_builder_area=\u00bbpost_content\u00bb][\/et_pb_heading][et_pb_video src=\u00bbhttps:\/\/youtu.be\/o6J7tboHJMg?si=CaCg2Edj_olFhYHE\u00bb _builder_version=\u00bb4.27.2&#8243; _module_preset=\u00bbdefault\u00bb global_colors_info=\u00bb{}\u00bb theme_builder_area=\u00bbpost_content\u00bb][\/et_pb_video][\/et_pb_column][\/et_pb_row][\/et_pb_section]<\/p>\n","protected":false},"excerpt":{"rendered":"<p>No siempre es intuitivo actuar de la mejor manera posible ante emergencias que no est\u00e1n bajo nuestro control, pero afortunadamente hay mucho que podemos hacer para evitar que las situaciones empeoren m\u00e1s de lo necesario.A continuaci\u00f3n encontrar\u00e1s una gu\u00eda con consejos sobre c\u00f3mo abordar este tema y tener un plan de acci\u00f3n para reaccionar r\u00e1pidamente [&hellip;]<\/p>\n","protected":false},"author":1,"featured_media":0,"parent":0,"menu_order":0,"comment_status":"closed","ping_status":"closed","template":"","meta":{"_et_pb_use_builder":"on","_et_pb_old_content":"","_et_gb_content_width":"","footnotes":""},"class_list":["post-677","page","type-page","status-publish","hentry"],"_links":{"self":[{"href":"https:\/\/soyantumapu.cl\/index.php?rest_route=\/wp\/v2\/pages\/677","targetHints":{"allow":["GET"]}}],"collection":[{"href":"https:\/\/soyantumapu.cl\/index.php?rest_route=\/wp\/v2\/pages"}],"about":[{"href":"https:\/\/soyantumapu.cl\/index.php?rest_route=\/wp\/v2\/types\/page"}],"author":[{"embeddable":true,"href":"https:\/\/soyantumapu.cl\/index.php?rest_route=\/wp\/v2\/users\/1"}],"replies":[{"embeddable":true,"href":"https:\/\/soyantumapu.cl\/index.php?rest_route=%2Fwp%2Fv2%2Fcomments&post=677"}],"version-history":[{"count":3,"href":"https:\/\/soyantumapu.cl\/index.php?rest_route=\/wp\/v2\/pages\/677\/revisions"}],"predecessor-version":[{"id":682,"href":"https:\/\/soyantumapu.cl\/index.php?rest_route=\/wp\/v2\/pages\/677\/revisions\/682"}],"wp:attachment":[{"href":"https:\/\/soyantumapu.cl\/index.php?rest_route=%2Fwp%2Fv2%2Fmedia&parent=677"}],"curies":[{"name":"wp","href":"https:\/\/api.w.org\/{rel}","templated":true}]}}