{"id":210,"date":"2025-01-27T22:32:28","date_gmt":"2025-01-27T22:32:28","guid":{"rendered":"https:\/\/soyantumapu.cl\/?page_id=210"},"modified":"2025-02-04T05:11:58","modified_gmt":"2025-02-04T05:11:58","slug":"servicios-municipales","status":"publish","type":"page","link":"https:\/\/soyantumapu.cl\/?page_id=210","title":{"rendered":"Servicios Municipales"},"content":{"rendered":"<p>[et_pb_section fb_built=\u00bb1&#8243; _builder_version=\u00bb4.27.2&#8243; _module_preset=\u00bbdefault\u00bb custom_padding=\u00bb8px||88px|||\u00bb border_width_bottom=\u00bb2px\u00bb box_shadow_style=\u00bbpreset3&#8243; global_colors_info=\u00bb{}\u00bb][et_pb_row _builder_version=\u00bb4.27.2&#8243; _module_preset=\u00bbdefault\u00bb global_colors_info=\u00bb{}\u00bb][et_pb_column type=\u00bb4_4&#8243; _builder_version=\u00bb4.27.2&#8243; _module_preset=\u00bbdefault\u00bb global_colors_info=\u00bb{}\u00bb][et_pb_text _builder_version=\u00bb4.27.2&#8243; _module_preset=\u00bbdefault\u00bb text_font=\u00bbChampagne||||||||\u00bb text_text_color=\u00bb#E02B20&#8243; text_font_size=\u00bb41px\u00bb text_line_height=\u00bb1.8em\u00bb text_orientation=\u00bbcenter\u00bb hover_enabled=\u00bb0&#8243; global_colors_info=\u00bb{}\u00bb sticky_enabled=\u00bb0&#8243;]<\/p>\n<p>CONTACTOS DE INTER\u00c9S COMUNITARIO:<br \/><span style=\"color: #333399;\">Servicios Municipales<\/span><\/p>\n<p>[\/et_pb_text][\/et_pb_column][\/et_pb_row][et_pb_row _builder_version=\u00bb4.27.2&#8243; _module_preset=\u00bbdefault\u00bb global_colors_info=\u00bb{}\u00bb][et_pb_column type=\u00bb4_4&#8243; _builder_version=\u00bb4.27.2&#8243; _module_preset=\u00bbdefault\u00bb global_colors_info=\u00bb{}\u00bb][et_pb_text _builder_version=\u00bb4.27.2&#8243; _module_preset=\u00bbdefault\u00bb text_font=\u00bbChampagne|800|||||||\u00bb text_font_size=\u00bb18px\u00bb background_color=\u00bb#FFFFFF\u00bb border_radii=\u00bbon|6px|6px|6px|6px\u00bb border_width_all=\u00bb8px\u00bb border_color_all=\u00bb#FFFFFF\u00bb box_shadow_style=\u00bbpreset3&#8243; global_colors_info=\u00bb{}\u00bb]<\/p>\n<h2 style=\"text-align: center;\"><span style=\"color: #0000ff;\"><strong>Farmacia Comunitaria<\/strong><\/span><\/h2>\n<p><span style=\"color: #ff0000;\">Horario de atenci\u00f3n:<\/span> Lunes a jueves de 09.00 a 13.30 horas y de 15.00 a 17.00 horas.Viernes de 09.00 a 13.30 horas y de 15.00 a 16.00 horas.<span style=\"color: #ff0000;\">Tel\u00e9fono:<\/span> 2 2389 6937 y 2 2389 6938<span style=\"color: #ff0000;\">Correo:<\/span> romina.rojas@pintana.cl<\/p>\n<p><span style=\"color: #ff0000;\">Direcci\u00f3n:<\/span> Avenida Santa Rosa #12975, La Pintana, Acceso Puerta N\u00b01.<\/p>\n<p>[\/et_pb_text][\/et_pb_column][\/et_pb_row][et_pb_row column_structure=\u00bb1_4,1_4,1_4,1_4&#8243; _builder_version=\u00bb4.27.2&#8243; _module_preset=\u00bbdefault\u00bb global_colors_info=\u00bb{}\u00bb][et_pb_column type=\u00bb1_4&#8243; _builder_version=\u00bb4.27.2&#8243; _module_preset=\u00bbdefault\u00bb global_colors_info=\u00bb{}\u00bb][et_pb_text _builder_version=\u00bb4.27.2&#8243; _module_preset=\u00bbdefault\u00bb text_font=\u00bbChampagne|800|||||||\u00bb text_font_size=\u00bb18px\u00bb background_color=\u00bb#FFFFFF\u00bb border_radii=\u00bbon|6px|6px|6px|6px\u00bb border_width_all=\u00bb6px\u00bb border_color_all=\u00bb#FFFFFF\u00bb box_shadow_style=\u00bbpreset1&#8243; global_colors_info=\u00bb{}\u00bb]<\/p>\n<h4 style=\"text-align: center;\"><span style=\"color: #ff0000;\">CESFAM EL ROBLE<\/span><\/h4>\n<p><span style=\"color: #ff0000;\">Director:<\/span> Rodrigo Cerda<br \/><span style=\"color: #ff0000;\">Correo:<\/span> direccioncesfamelroble@gmail.com<\/p>\n<p><span style=\"color: #ff0000;\">Direcci\u00f3n:<\/span> Av. Observatorio N\u00b01777<\/p>\n<p><span style=\"color: #ff0000;\">Fono:<\/span> 233274385<\/p>\n<p>[\/et_pb_text][\/et_pb_column][et_pb_column type=\u00bb1_4&#8243; _builder_version=\u00bb4.27.2&#8243; _module_preset=\u00bbdefault\u00bb global_colors_info=\u00bb{}\u00bb][et_pb_text _builder_version=\u00bb4.27.2&#8243; _module_preset=\u00bbdefault\u00bb text_font=\u00bbChampagne|800|||||||\u00bb text_font_size=\u00bb18px\u00bb background_color=\u00bb#FFFFFF\u00bb border_radii=\u00bbon|6px|6px|6px|6px\u00bb border_width_all=\u00bb8px\u00bb border_color_all=\u00bb#FFFFFF\u00bb box_shadow_style=\u00bbpreset1&#8243; global_colors_info=\u00bb{}\u00bb]<\/p>\n<h3 style=\"text-align: center;\"><span style=\"color: #ff0000;\"><strong>CESFAM SAN RAFAEL<\/strong><\/span><\/h3>\n<p><span style=\"color: #ff0000;\">Directora:<\/span> Carolina Urrea<br \/><span style=\"color: #ff0000;\">Correo: <\/span>direccioncesfamsanrafael@gmail.com<\/p>\n<p><span style=\"color: #ff0000;\">Direcci\u00f3n:<\/span> Av. Porto Alegre N\u00b012577<\/p>\n<p><span style=\"color: #ff0000;\">Fono:<\/span> 233274312<\/p>\n<p>[\/et_pb_text][\/et_pb_column][et_pb_column type=\u00bb1_4&#8243; _builder_version=\u00bb4.27.2&#8243; _module_preset=\u00bbdefault\u00bb global_colors_info=\u00bb{}\u00bb][et_pb_text _builder_version=\u00bb4.27.2&#8243; _module_preset=\u00bbdefault\u00bb text_font=\u00bbChampagne|800|||||||\u00bb text_font_size=\u00bb18px\u00bb background_color=\u00bb#FFFFFF\u00bb border_radii=\u00bbon|6px|6px|6px|6px\u00bb border_width_all=\u00bb8px\u00bb border_color_all=\u00bb#FFFFFF\u00bb box_shadow_style=\u00bbpreset1&#8243; global_colors_info=\u00bb{}\u00bb]<\/p>\n<h3 style=\"text-align: center;\"><span style=\"color: #ff0000;\"><strong>CESFAM SANTO TOM\u00c1S<\/strong><\/span><\/h3>\n<p><span style=\"color: #ff0000;\">Director:<\/span> Alejandro Henr\u00edquez<br \/><span style=\"color: #ff0000;\">Correo:<\/span> aa.henrriquezriquelme@gmail.com<br \/>Direcci\u00f3n: Santo Tom\u00e1s N\u00b00987<\/p>\n<p><span style=\"color: #ff0000;\">Fono:<\/span> 233274490<\/p>\n<p>[\/et_pb_text][\/et_pb_column][et_pb_column type=\u00bb1_4&#8243; _builder_version=\u00bb4.27.2&#8243; _module_preset=\u00bbdefault\u00bb global_colors_info=\u00bb{}\u00bb][et_pb_text _builder_version=\u00bb4.27.2&#8243; _module_preset=\u00bbdefault\u00bb text_font=\u00bbChampagne|800|||||||\u00bb text_font_size=\u00bb18px\u00bb background_color=\u00bb#FFFFFF\u00bb border_radii=\u00bbon|6px|6px|6px|6px\u00bb border_width_all=\u00bb8px\u00bb border_color_all=\u00bb#FFFFFF\u00bb box_shadow_style=\u00bbpreset1&#8243; global_colors_info=\u00bb{}\u00bb]<\/p>\n<h3 style=\"text-align: center;\"><span style=\"color: #ff0000;\"><strong>CESFAM PABLO DE ROKHA<\/strong><\/span><\/h3>\n<p><span style=\"color: #ff0000;\">Director:<\/span> Jocelyn Mu\u00f1oz<br \/><span style=\"color: #ff0000;\">Correo:<\/span> pabloderokhadireccion@gmail.com \/ oirsprokha@gmail.com<br \/><span style=\"color: #ff0000;\">Direcci\u00f3n:<\/span> Pedro Prado N\u00b012221<\/p>\n<p><span style=\"color: #ff0000;\">Fono:<\/span> 233274139<\/p>\n<p>[\/et_pb_text][\/et_pb_column][\/et_pb_row][et_pb_row column_structure=\u00bb1_3,1_3,1_3&#8243; _builder_version=\u00bb4.27.2&#8243; _module_preset=\u00bbdefault\u00bb global_colors_info=\u00bb{}\u00bb][et_pb_column type=\u00bb1_3&#8243; _builder_version=\u00bb4.27.2&#8243; _module_preset=\u00bbdefault\u00bb global_colors_info=\u00bb{}\u00bb][et_pb_text _builder_version=\u00bb4.27.2&#8243; _module_preset=\u00bbdefault\u00bb text_font=\u00bbChampagne|800|||||||\u00bb text_font_size=\u00bb18px\u00bb background_color=\u00bb#FFFFFF\u00bb border_radii=\u00bbon|6px|6px|6px|6px\u00bb border_width_all=\u00bb6px\u00bb border_color_all=\u00bb#FFFFFF\u00bb box_shadow_style=\u00bbpreset1&#8243; global_colors_info=\u00bb{}\u00bb]<\/p>\n<h4 style=\"text-align: center;\"><span style=\"color: #ff0000;\">CESFAM SANTIAGO DE NUEVA EXTREMADURA<\/span><\/h4>\n<p><span style=\"color: #ff0000;\">Director:<\/span> Tom\u00e1s Mu\u00f1oz<br \/><span style=\"color: #ff0000;\">Correo:<\/span> <a href=\"mailto:direccioncesfamsne@gmail.com\">direccioncesfamsne@gmail.com<\/a><\/p>\n<p><span style=\"color: #ff0000;\">Direcci\u00f3n:<\/span> Av. Juanita N\u00b013558<\/p>\n<p><span style=\"color: #ff0000;\">Fono:<\/span> 233274206<\/p>\n<p>[\/et_pb_text][\/et_pb_column][et_pb_column type=\u00bb1_3&#8243; _builder_version=\u00bb4.27.2&#8243; _module_preset=\u00bbdefault\u00bb global_colors_info=\u00bb{}\u00bb][et_pb_text _builder_version=\u00bb4.27.2&#8243; _module_preset=\u00bbdefault\u00bb text_font=\u00bbChampagne|800|||||||\u00bb text_font_size=\u00bb18px\u00bb background_color=\u00bb#FFFFFF\u00bb border_radii=\u00bbon|6px|6px|6px|6px\u00bb border_width_all=\u00bb8px\u00bb border_color_all=\u00bb#FFFFFF\u00bb box_shadow_style=\u00bbpreset1&#8243; global_colors_info=\u00bb{}\u00bb]<\/p>\n<h3 style=\"text-align: center;\"><span style=\"color: #ff0000;\"><strong>CESFAM FLOR FERN\u00c1NDEZ<\/strong><\/span><\/h3>\n<p><span style=\"color: #ff0000;\">Director:<\/span> Alejandro Gonz\u00e1lez<br \/><span style=\"color: #ff0000;\">Correo:<\/span> direccionflorfernandez@gmail.com<\/p>\n<p><span style=\"color: #ff0000;\">Direcci\u00f3n: <\/span>Av. Ciudad de M\u00e9xico N\u00b01503<\/p>\n<p><span style=\"color: #ff0000;\">Fono:<\/span> 233274245<\/p>\n<p>[\/et_pb_text][\/et_pb_column][et_pb_column type=\u00bb1_3&#8243; _builder_version=\u00bb4.27.2&#8243; _module_preset=\u00bbdefault\u00bb global_colors_info=\u00bb{}\u00bb][et_pb_text _builder_version=\u00bb4.27.2&#8243; _module_preset=\u00bbdefault\u00bb text_font=\u00bbChampagne|800|||||||\u00bb text_font_size=\u00bb18px\u00bb background_color=\u00bb#FFFFFF\u00bb border_radii=\u00bbon|6px|6px|6px|6px\u00bb border_width_all=\u00bb8px\u00bb border_color_all=\u00bb#FFFFFF\u00bb box_shadow_style=\u00bbpreset1&#8243; global_colors_info=\u00bb{}\u00bb]<\/p>\n<h3 style=\"text-align: center;\"><span style=\"color: #ff0000;\"><strong>CESFAM JUAN PABLO II<\/strong><\/span><\/h3>\n<p><span style=\"color: #ff0000;\">Direcci\u00f3n:<\/span> La Primavera N\u00b002870<\/p>\n<p><span style=\"color: #ff0000;\">Tel\u00e9fono:<\/span> 224822400<\/p>\n<p>Este establecimiento no pertenece a la Red Municipal de Salud de La Pintana, sino a la Red \u00c1ncora UC.<\/p>\n<p>[\/et_pb_text][\/et_pb_column][\/et_pb_row][et_pb_row _builder_version=\u00bb4.27.2&#8243; _module_preset=\u00bbdefault\u00bb global_colors_info=\u00bb{}\u00bb][et_pb_column type=\u00bb4_4&#8243; _builder_version=\u00bb4.27.2&#8243; _module_preset=\u00bbdefault\u00bb global_colors_info=\u00bb{}\u00bb][et_pb_divider divider_weight=\u00bb4px\u00bb _builder_version=\u00bb4.27.2&#8243; _module_preset=\u00bbdefault\u00bb global_colors_info=\u00bb{}\u00bb][\/et_pb_divider][\/et_pb_column][\/et_pb_row][et_pb_row column_structure=\u00bb1_3,1_3,1_3&#8243; _builder_version=\u00bb4.27.2&#8243; _module_preset=\u00bbdefault\u00bb global_colors_info=\u00bb{}\u00bb][et_pb_column type=\u00bb1_3&#8243; _builder_version=\u00bb4.27.2&#8243; _module_preset=\u00bbdefault\u00bb global_colors_info=\u00bb{}\u00bb][et_pb_text _builder_version=\u00bb4.27.2&#8243; _module_preset=\u00bbdefault\u00bb text_font=\u00bbChampagne|800|||||||\u00bb text_font_size=\u00bb18px\u00bb background_color=\u00bb#FFFFFF\u00bb border_radii=\u00bbon|6px|6px|6px|6px\u00bb border_width_all=\u00bb6px\u00bb border_color_all=\u00bb#FFFFFF\u00bb box_shadow_style=\u00bbpreset1&#8243; global_colors_info=\u00bb{}\u00bb]<\/p>\n<h3 style=\"text-align: center;\"><span style=\"color: #003366;\">REGISTRO SOCIAL DE HOGARES<\/span><\/h3>\n<p>Para acceder a la atenci\u00f3n del Registro Social de Hogares debe agendar hora en:<\/p>\n<p><span style=\"color: #ff0000;\">Tel\u00e9fonos:<\/span> 2 23896600 \u2013 2 23896333<br \/>p\u00e1gina web en el link<\/p>\n<p><a href=\"http:\/\/www.lapintana.smartdideco.cl\">www.lapintana.smartdideco.cl<\/a><\/p>\n<p>[\/et_pb_text][\/et_pb_column][et_pb_column type=\u00bb1_3&#8243; _builder_version=\u00bb4.27.2&#8243; _module_preset=\u00bbdefault\u00bb global_colors_info=\u00bb{}\u00bb][et_pb_text _builder_version=\u00bb4.27.2&#8243; _module_preset=\u00bbdefault\u00bb text_font=\u00bbChampagne|800|||||||\u00bb text_font_size=\u00bb18px\u00bb background_color=\u00bb#FFFFFF\u00bb border_radii=\u00bbon|6px|6px|6px|6px\u00bb border_width_all=\u00bb8px\u00bb border_color_all=\u00bb#FFFFFF\u00bb box_shadow_style=\u00bbpreset1&#8243; global_colors_info=\u00bb{}\u00bb]<\/p>\n<h3 style=\"text-align: center;\"><span style=\"color: #000080;\"><strong>UNIDAD DE SUBSIDIOS<\/strong><\/span><\/h3>\n<p>-Subsidio \u00danico Familiar.<br \/>-Subsidio \u00fanico Familiar Duplo.<br \/>-Subsidio a la Mujer Embarazada.<br \/>-Subsidio al Reci\u00e9n Nacido.<br \/>-Subsidio de Agua Potable.<br \/>-Subsidio Discapacidad Mental para menore de 18 a\u00f1os.<br \/>-Pensi\u00f3n B\u00e1sica Solidaria de Vejez.<br \/>-Pensi\u00f3n B\u00e1sica Solidaria de Invalidez.<br \/>-Aporte Previsional Solidario.<\/p>\n<p>Para acceder a la atenci\u00f3n en esta unidad, debe agendar hora en:<\/p>\n<p>Tel\u00e9fonos: 2 23896600 \u2013 2 23896333<\/p>\n<p>p\u00e1gina web en el link www.lapintana.smartdideco.cl<\/p>\n<p>[\/et_pb_text][\/et_pb_column][et_pb_column type=\u00bb1_3&#8243; _builder_version=\u00bb4.27.2&#8243; _module_preset=\u00bbdefault\u00bb global_colors_info=\u00bb{}\u00bb][et_pb_text _builder_version=\u00bb4.27.2&#8243; _module_preset=\u00bbdefault\u00bb text_font=\u00bbChampagne|800|||||||\u00bb text_font_size=\u00bb18px\u00bb background_color=\u00bb#FFFFFF\u00bb border_radii=\u00bbon|6px|6px|6px|6px\u00bb border_width_all=\u00bb8px\u00bb border_color_all=\u00bb#FFFFFF\u00bb box_shadow_style=\u00bbpreset1&#8243; global_colors_info=\u00bb{}\u00bb]<\/p>\n<h3 style=\"text-align: center;\"><span style=\"color: #000080;\"><strong>PERSONAS EN SITUACI\u00d3N DE CALLE<\/strong><\/span><\/h3>\n<p>Es un programa con financiamiento municipal que entrega apoyo a personas que se encuentran en situaci\u00f3n de calle, contribuyendo a las mejoras en sus condiciones de vida.<br \/>M\u00e1s informaci\u00f3n:<br \/><span style=\"color: #ff0000;\">Tel\u00e9fonos:<\/span> 2 23896600 \u2013 2 23896333<\/p>\n<p>[\/et_pb_text][\/et_pb_column][\/et_pb_row][et_pb_row column_structure=\u00bb1_3,1_3,1_3&#8243; _builder_version=\u00bb4.27.2&#8243; _module_preset=\u00bbdefault\u00bb global_colors_info=\u00bb{}\u00bb][et_pb_column type=\u00bb1_3&#8243; _builder_version=\u00bb4.27.2&#8243; _module_preset=\u00bbdefault\u00bb global_colors_info=\u00bb{}\u00bb][et_pb_text _builder_version=\u00bb4.27.2&#8243; _module_preset=\u00bbdefault\u00bb text_font=\u00bbChampagne|800|||||||\u00bb text_font_size=\u00bb18px\u00bb background_color=\u00bb#FFFFFF\u00bb border_radii=\u00bbon|6px|6px|6px|6px\u00bb border_width_all=\u00bb6px\u00bb border_color_all=\u00bb#FFFFFF\u00bb box_shadow_style=\u00bbpreset1&#8243; global_colors_info=\u00bb{}\u00bb]<\/p>\n<h3 style=\"text-align: center;\"><span style=\"color: #003366;\">PROGRAMAS ESPECIALIZADOS PIE<\/span><\/h3>\n<p>Los PIE est\u00e1n destinados a contribuir en la reparaci\u00f3n del da\u00f1o vincular y psicosocial producido en ni\u00f1os, ni\u00f1as y adolescentes, cuyas edades fluct\u00faen entre los 12 y 17 a\u00f1os y seis meses, producto de vulneraciones de derechos graves y cr\u00f3nicas.<\/p>\n<p><span style=\"color: #ff0000;\">Direcci\u00f3n:<\/span> Padre Pablo Laurin N\u00b01538, La Pintana<\/p>\n<p><span style=\"color: #ff0000;\">Tel\u00e9fono:<\/span> 2 23896884<\/p>\n<p>[\/et_pb_text][\/et_pb_column][et_pb_column type=\u00bb1_3&#8243; _builder_version=\u00bb4.27.2&#8243; _module_preset=\u00bbdefault\u00bb global_colors_info=\u00bb{}\u00bb][et_pb_text _builder_version=\u00bb4.27.2&#8243; _module_preset=\u00bbdefault\u00bb text_font=\u00bbChampagne|800|||||||\u00bb text_font_size=\u00bb18px\u00bb background_color=\u00bb#FFFFFF\u00bb border_radii=\u00bbon|6px|6px|6px|6px\u00bb border_width_all=\u00bb8px\u00bb border_color_all=\u00bb#FFFFFF\u00bb box_shadow_style=\u00bbpreset1&#8243; global_colors_info=\u00bb{}\u00bb]<\/p>\n<h3 style=\"text-align: center;\">Reforzamiento Seguridad P\u00fablica Comunal<\/h3>\n<p>Se busca desarrollar acciones de prevenci\u00f3n situacional en espacios p\u00fablicos evitando la comisi\u00f3n de incivilidades, y por otra, disminuyendo los factores de riesgo, fortaleciendo la percepci\u00f3n de seguridad de sus habitantes.<\/p>\n<p>&nbsp;<\/p>\n<p><span style=\"color: #ff0000;\">Direcci\u00f3n:<\/span> Avenida Santa Rosa N\u00b012537, La Pintana<\/p>\n<p><span style=\"color: #ff0000;\">Tel\u00e9fono:<\/span> 1441<\/p>\n<p>[\/et_pb_text][\/et_pb_column][et_pb_column type=\u00bb1_3&#8243; _builder_version=\u00bb4.27.2&#8243; _module_preset=\u00bbdefault\u00bb global_colors_info=\u00bb{}\u00bb][et_pb_text _builder_version=\u00bb4.27.2&#8243; _module_preset=\u00bbdefault\u00bb text_font=\u00bbChampagne|800|||||||\u00bb text_font_size=\u00bb18px\u00bb background_color=\u00bb#FFFFFF\u00bb border_radii=\u00bbon|6px|6px|6px|6px\u00bb border_width_all=\u00bb8px\u00bb border_color_all=\u00bb#FFFFFF\u00bb box_shadow_style=\u00bbpreset1&#8243; global_colors_info=\u00bb{}\u00bb]<\/p>\n<h3 style=\"text-align: center;\"><span style=\"color: #000080;\"><strong>PERSONAS EN SITUACI\u00d3N DE CALLE<\/strong><\/span><\/h3>\n<p>Programa que sirve como entrada en los \u00e1mbitos comunales, de barrio y familiares a los distintos programas que ofrece SENDA, con el objetivo principal de implementar la estrategia Nacional de Drogas y Alcohol \u201cElige vivir sin Drogas\u201d a nivel local.<\/p>\n<p><span style=\"color: #ff0000;\">Email:<\/span> sendapreviene@pintana.cl<\/p>\n<p><span style=\"color: #ff0000;\">Tel\u00e9fono:<\/span> +56 994424031<\/p>\n<p><span style=\"color: #ff0000;\">Direcci\u00f3n:<\/span> Joaqu\u00edn Edwards Bello N\u00b010730<\/p>\n<p>[\/et_pb_text][\/et_pb_column][\/et_pb_row][\/et_pb_section]<\/p>\n","protected":false},"excerpt":{"rendered":"<p>CONTACTOS DE INTER\u00c9S COMUNITARIO:Servicios MunicipalesFarmacia Comunitaria Horario de atenci\u00f3n: Lunes a jueves de 09.00 a 13.30 horas y de 15.00 a 17.00 horas.Viernes de 09.00 a 13.30 horas y de 15.00 a 16.00 horas.Tel\u00e9fono: 2 2389 6937 y 2 2389 6938Correo: romina.rojas@pintana.cl Direcci\u00f3n: Avenida Santa Rosa #12975, La Pintana, Acceso Puerta N\u00b01.CESFAM EL ROBLE Director: [&hellip;]<\/p>\n","protected":false},"author":1,"featured_media":0,"parent":0,"menu_order":0,"comment_status":"closed","ping_status":"closed","template":"","meta":{"_et_pb_use_builder":"on","_et_pb_old_content":"<!-- wp:divi\/placeholder \/-->","_et_gb_content_width":"","footnotes":""},"class_list":["post-210","page","type-page","status-publish","hentry"],"_links":{"self":[{"href":"https:\/\/soyantumapu.cl\/index.php?rest_route=\/wp\/v2\/pages\/210","targetHints":{"allow":["GET"]}}],"collection":[{"href":"https:\/\/soyantumapu.cl\/index.php?rest_route=\/wp\/v2\/pages"}],"about":[{"href":"https:\/\/soyantumapu.cl\/index.php?rest_route=\/wp\/v2\/types\/page"}],"author":[{"embeddable":true,"href":"https:\/\/soyantumapu.cl\/index.php?rest_route=\/wp\/v2\/users\/1"}],"replies":[{"embeddable":true,"href":"https:\/\/soyantumapu.cl\/index.php?rest_route=%2Fwp%2Fv2%2Fcomments&post=210"}],"version-history":[{"count":6,"href":"https:\/\/soyantumapu.cl\/index.php?rest_route=\/wp\/v2\/pages\/210\/revisions"}],"predecessor-version":[{"id":281,"href":"https:\/\/soyantumapu.cl\/index.php?rest_route=\/wp\/v2\/pages\/210\/revisions\/281"}],"wp:attachment":[{"href":"https:\/\/soyantumapu.cl\/index.php?rest_route=%2Fwp%2Fv2%2Fmedia&parent=210"}],"curies":[{"name":"wp","href":"https:\/\/api.w.org\/{rel}","templated":true}]}}